- 9 = -k*t, -2*b - 22 = -5*t - 0. List the prime factors of (1 - 2)*b*8.
2
Let b(o) = -o**2 + 18*o - 9. Let f be -11 - -7 - -10*2. List the prime factors of b(f).
23
Let q(z) = z - 1. Let d be q(-8). Let w = d + 11. List the prime factors of w.
2
Let p = -61 - -36. Let t = -10 - p. What are the prime factors of t?
3, 5
Let k = -156 - -231. Suppose 2*b - k = -3*b. List the prime factors of b.
3, 5
Suppose 0 = -0*m + m - 3. List the prime factors of 12/18 + 40/m.
2, 7
Suppose -7*f = -4*l - 2*f + 138, -l + 36 = -2*f. Suppose 5*p - 5*g - 170 = 0, p - 3*g = l + 2. List the prime factors of p.
2, 17
Suppose -2*i - 4 = -0. Let u(z) be the third derivative of z**5/15 + z**4/24 - z**3/3 - 2*z**2. What are the prime factors of u(i)?
2, 3
Let j(b) = 2*b**2 - b + 1. Suppose -20 = 4*q - 2*q. Let n be 5/25 + (-28)/q. What are the prime factors of j(n)?
2
Suppose -4*s = -8*s + 4. Let d(w) = 23*w**3 - 2*w**2 + 3*w - 2. List the prime factors of d(s).
2, 11
Let c(u) = u**3 - u**2 - 7*u + 11. What are the prime factors of c(6)?
149
Suppose -110 = -4*j - 2*b + 3*b, 133 = 5*j + b. Let i = 45 - j. List the prime factors of i.
2, 3
Let m = 123 + -54. What are the prime factors of m?
3, 23
Suppose 21 = r + 2*n, 0*n - 2*n = -10. List the prime factors of r.
11
Let r(d) = d**3 - 4*d**2 - 6*d + 8. Let a(m) = 2*m**3 - 8*m**2 - 11*m + 16. Let v(t) = -2*a(t) + 5*r(t). List the prime factors of v(6).
2
Suppose 15*n - 3150 = -0*n. What are the prime factors of n?
2, 3, 5, 7
Let i = -5 + -1. Let x be i/1*(-4 + 3). Let y = x - 2. What are the prime factors of y?
2
Suppose 0 = j + 3, 14 = 5*u - 3*j - 10. What are the prime factors of 3 - 6/u - -7?
2
Suppose c = 4*c. Let p(n) = n**2 + 6*n + 2. Let z be p(-6). Suppose -z*g - 2*g = -3*y - 38, -4*g - 3*y + 50 = c. List the prime factors of g.
11
Let i(l) = -l**3 - 5*l**2 - 7*l - 6. Let g be i(-4). Let d = 10 + -10. Suppose 0 = -d*z + 3*z - v - g, 0 = -z - 2*v + 2. List the prime factors of z.
2
Suppose 14 = 2*p - 0*p. Suppose 3*m = p*m + 8. Let h = 6 + m. List the prime factors of h.
2
Let l(i) = 9*i + 73. What are the prime factors of l(0)?
73
Let m(y) = y + 8. Let o be m(-8). Suppose -15 = -5*z - o. Suppose 4*j = z*j + 2. List the prime factors of j.
2
Let x = 5 - 0. Suppose -3*c + 4*v - 3 = -4*c, x*c = -3*v + 15. Suppose 2*s + 5 = c*h + 13, 3*h - 12 = 0. What are the prime factors of s?
2, 5
Let y be (-1)/(-1) + (-2)/(-2). Suppose 3*i = -m + 1, 2*i - 6*i + 28 = -4*m. Suppose y*f - 32 = -i*f. What are the prime factors of f?
2
Let a(k) = -k**3 + 9*k**2 - 5*k + 10. What are the prime factors of a(5)?
5, 17
Suppose 0 = 5*d - 14 - 106. List the prime factors of d.
2, 3
Suppose 4*g = -5*s - 8 - 2, 15 = -5*s - 5*g. List the prime factors of s/(-5) - 157/(-5).
31
Let w = -109 - -189. What are the prime factors of w?
2, 5
Suppose 6*f - 4*z = 4*f + 14, 8 = 2*f - z. Suppose 0 = -f*w + 1 - 16. List the prime factors of 2/2 + (0 - w).
2, 3
Let w(k) = -k**3 - 12*k**2 - 12*k - 14. Let o(i) = -6*i**3 - 60*i**2 - 59*i - 71. Let m(v) = 2*o(v) - 11*w(v). List the prime factors of m(13).
5
Let g be 48/(-9) - 1/(-3). Let y be 6/g*(-20)/4. Suppose -12 = -2*z + y. List the prime factors of z.
3
Let m be 0/(3 - 3 - 2). Suppose m = 3*f - 0*f - 15. What are the prime factors of f?
5
Suppose 12*w = 7*w - 45. Let j = 13 - w. What are the prime factors of j?
2, 11
Let i(z) = -69*z - 3. List the prime factors of i(-1).
2, 3, 11
List the prime factors of 126/24 + 1/(-4).
5
Let q = 69 + -51. List the prime factors of q.
2, 3
Suppose i = 6 + 16. Let k = i - 12. Suppose -l + 22 = -4*x, -3*l + x = -23 - k. List the prime factors of l.
2, 5
Suppose -29 = -s + 9. What are the prime factors of s?
2, 19
Let n(a) = 2*a**2 + 2*a - 1. List the prime factors of n(1).
3
Let j = 7 + -5. Let q = j - -4. List the prime factors of q.
2, 3
Let w(m) = m + 3. Let t be w(5). Suppose -2*d + t = -4*d, -2*q + 8 = -d. Suppose -3*i = 2*o - 18, -q*i + 6*i = 0. What are the prime factors of o?
3
Let v(t) = -3*t**2 - 2*t - 7. Let n(r) = -13*r**2 - 7*r - 29. Let q(c) = 2*n(c) - 9*v(c). Let u be q(-5). List the prime factors of (-74)/(-10) - 4/u.
7
Let y = -68 - -144. What are the prime factors of y?
2, 19
Let g(b) = b**3 - 7*b**2 + 2*b - 6. Suppose 0 = -8*z + 3*z - 5. Let f be ((-1)/(-3))/(z/(-21)). List the prime factors of g(f).
2
What are the prime factors of (3/(6/(-52)))/(-2)?
13
Let v be (-26)/6 + 1/3. Suppose 0*f = -5*f - 10. Let c = f - v. What are the prime factors of c?
2
Let t(h) be the second derivative of -h**4/6 + 16*h**2 + 4*h. List the prime factors of t(0).
2
Let j(v) = -v + 1. Let x be j(-2). Suppose -5*h = x - 13. What are the prime factors of h?
2
Let k(h) = h**3 + 6*h**2 + 2*h + 5. Let v be k(-5). What are the prime factors of (30/v)/(2/20)?
3, 5
Let n = 201 + -137. List the prime factors of n.
2
List the prime factors of (-204)/(-4 - 0) + 1.
2, 13
Let a = -2 - -2. Suppose 5*y - 5*o - 65 = a, 3*y - 2*o = 4*y - 4. What are the prime factors of y?
2, 5
Suppose 9*x - 158 = -h + 8*x, 0 = h + 3*x - 148. What are the prime factors of h?
163
Suppose -x - 4*r = -26, -4*x + x = -r - 130. Let k = x + -9. List the prime factors of k.
3, 11
Suppose -3*m = 3 - 45. Suppose m + 14 = p. What are the prime factors of p?
2, 7
Let b be 4/((-8)/(-5))*22. Let w = 2 + 0. Suppose -b = -7*t + w*t. What are the prime factors of t?
11
Let w(o) = o**3 + 17*o**2 + 8*o - 8. Let c(l) = 3*l**3 + 50*l**2 + 25*l - 24. Let a(u) = -4*c(u) + 11*w(u). What are the prime factors of a(-12)?
2
Let w(s) = -s**3 + 7*s**2 - 3*s - 8. Let b(l) = l**2 - 7*l - 12. Let m be b(9). Let x be w(m). What are the prime factors of (-4)/x*-1*25?
2, 5
What are the prime factors of (-8 - (-3 - 1)) + 56?
2, 13
Let n(p) = p + 4*p - 2 + p. What are the prime factors of n(1)?
2
Let r = -148 + 241. Suppose -r = -5*q + 3*b + 12, 5*q + b = 85. List the prime factors of q.
2, 3
Let s = -2 - -26. Suppose 5*d - s = 1. Suppose 5*j + 1 = -9, -18 = -4*a + d*j. List the prime factors of a.
2
Let l(b) = -12*b + 5. Let s be l(5). What are the prime factors of s/(-4) + 2/8?
2, 7
Suppose -235 - 45 = -5*c. List the prime factors of c.
2, 7
Let s be 3/1 + (-1 - -1). Let d(q) = 3*q**3 - 3*q**2. Let h be d(s). Suppose -5*o + 11 = -h. What are the prime factors of o?
13
Let o(y) be the second derivative of 7*y**5/120 + y**4/24 - y**3/2 - 3*y. Let t(d) be the second derivative of o(d). List the prime factors of t(1).
2
Suppose -3*f + 0*m - 2*m = 8, 5*f - 2*m - 8 = 0. Let x(w) be the first derivative of w**4/4 + w**2/2 + 16*w - 1. List the prime factors of x(f).
2
Let q(w) = w - 2*w - 3*w - 2*w. List the prime factors of q(-1).
2, 3
Let r be 65/(1/(0 + 2)). Suppose 6*m - r = m. List the prime factors of m.
2, 13
Let r(o) = o**3 - 11*o**2 + 12. Suppose v - 4*a - 30 = -v, 0 = 3*v - 5*a - 43. Let h be r(v). Let j(c) = c + 1. List the prime factors of j(h).
13
Let v = 61 + -20. What are the prime factors of v?
41
Let z(u) = -2*u + 4. Let a(r) = 2*r - 5. Let x(k) = 5*a(k) + 6*z(k). List the prime factors of x(-3).
5
Suppose 10 = -4*h + 2. Let j be (-4)/(h*(-2)/(-4)). What are the prime factors of ((-10)/(-3))/(j/12)?
2, 5
List the prime factors of 1395/21 + 28/49.
67
Let h be -2 + 1 + -2 - -1. Let c be -7 + 4 - 2*h. Let v(y) = 14*y**2. List the prime factors of v(c).
2, 7
Let z be 0/(-2) + 1*-2. Let u be 1/z - (-14)/4. Suppose -u*p + 50 = 2*p. List the prime factors of p.
2, 5
Suppose -d - 3*d + 243 = -3*h, -176 = -3*d - 4*h. What are the prime factors of d?
2, 3, 5
Let p(c) = -c**2 - 5*c - 1. Let d be p(-4). Suppose -d*a = -a - 228. Suppose -t - y + 18 = 0, 3*t - a = -2*t + 3*y. What are the prime factors of t?
3, 7
Let h(z) = 3*z**3 - z**2 - 4*z + 6. List the prime factors of h(4).
2, 83
Suppose -62 = -4*d + 4*i + 22, -2*i + 12 = d. Suppose 2*w - d - 28 = -4*z, 2*z - w = 13. What are the prime factors of z?
3
Let c(h) = -5 + 0*h**2 + h**2 + 6*h**2 - 4*h - 5*h**2. Let v be 18/4 + 2/(-4). What are the prime factors of c(v)?
11
Suppose 4*z + 35 = -561. List the prime factors of 26/(-91) + z/(-7).
3, 7
Let f be (1/(-3))/((-2)/(-6)). Let y be (-5)/(-2) - f/2. List the prime factors of (18/y - 2) + 2.
2, 3
Suppose 3*r = -r + 16. Let t(g) = -g**2 - 5*g + 3*g - r - g**3 - 3*g**2. List the prime factors of t(-4).
2
List the prime factors of -1 + 2 - (-2 